File: /home/gullinve87e1cbd2/access-logs/gullinvest.com.br
66.249.70.39 - - [30/Jul/2026:09:08:04 -0300] "GET /category/0/1/025/025032/?SPC=0&SGC=0&STA=0&FPC=0&FGC=0&FTA=0&SFL_DF=0&CPPR=1 HTTP/1.1" 200 790450 "-" "Mozilla/5.0 (Linux; Android 6.0.1; Nexus 5X Build/MMB29P) AppleWebKit/537.36 (KHTML, like Gecko) Chrome/150.0.7871.186 Mobile Safari/537.36 (compatible; Googlebot/2.1; +http://www.google.com/bot.html)"
66.249.70.39 - - [30/Jul/2026:09:30:06 -0300] "GET /?category/0/1/017/017004/?SPC=0&SGC=0&STA=0&FPC=0&FGC=0&FTA=0&SFL_DF=0&CPPR=1 HTTP/1.1" 200 831389 "-" "Mozilla/5.0 (compatible; Googlebot/2.1; +http://www.google.com/bot.html)"
66.249.70.39 - - [30/Jul/2026:09:31:57 -0300] "GET /category/0/1/017/017009/?SPC=0&SGC=0&STA=0&FPC=0&FGC=0&FTA=0&SFL_DF=0&CPPR=1 HTTP/1.1" 200 809057 "-" "Mozilla/5.0 (compatible; Googlebot/2.1; +http://www.google.com/bot.html)"
118.101.207.174 - - [30/Jul/2026:09:32:26 -0300] "POST http://gullinvest.com.br/xmlrpc.php HTTP/1.1" 403 51679 "-" "Mozilla/5.0 (Macintosh; Intel Mac OS X 10_15_7) AppleWebKit/537.36 (KHTML, like Gecko) Chrome/131.0.0.0 Safari/537.36"
186.145.218.38 - - [30/Jul/2026:09:32:35 -0300] "POST http://gullinvest.com.br/wp-login.php HTTP/1.1" 400 51679 "-" "Mozilla/5.0 (Macintosh; Intel Mac OS X 10_15_7) AppleWebKit/537.36 (KHTML, like Gecko) Chrome/131.0.0.0 Safari/537.36"
170.81.237.166 - - [30/Jul/2026:09:33:03 -0300] "POST http://gullinvest.com.br/wp-login.php HTTP/1.1" 400 51679 "-" "Mozilla/5.0 (Macintosh; Intel Mac OS X 10_15_7) AppleWebKit/537.36 (KHTML, like Gecko) Chrome/136.0.0.0 Safari/537.36"
188.113.17.236 - - [30/Jul/2026:09:33:33 -0300] "POST http://gullinvest.com.br/wp-login.php HTTP/1.1" 400 51679 "-" "Mozilla/5.0 (Macintosh; Intel Mac OS X 10_15_7) AppleWebKit/537.36 (KHTML, like Gecko) Chrome/142.0.0.0 Safari/537.36"
117.5.152.42 - - [30/Jul/2026:09:34:05 -0300] "POST http://gullinvest.com.br/wp-login.php HTTP/1.1" 400 51679 "-" "Mozilla/5.0 (Macintosh; Intel Mac OS X 10_15_7) AppleWebKit/537.36 (KHTML, like Gecko) Chrome/120.0.0.0 Safari/537.36"
200.110.206.192 - - [30/Jul/2026:09:34:36 -0300] "POST http://gullinvest.com.br/wp-login.php HTTP/1.1" 400 51679 "-" "Mozilla/5.0 (Windows NT 10.0; Win64; x64) AppleWebKit/537.36 (KHTML, like Gecko) Chrome/101.0.4951.64 Safari/537.36 Edg/101.0.1210.47"
45.230.42.145 - - [30/Jul/2026:09:35:03 -0300] "POST http://gullinvest.com.br/wp-login.php HTTP/1.1" 400 51679 "-" "Mozilla/5.0 (Macintosh; Intel Mac OS X 10_15_7) AppleWebKit/605.1.15 (KHTML, like Gecko) Version/18.0 Safari/605.1.15"
45.189.109.37 - - [30/Jul/2026:09:35:36 -0300] "POST http://gullinvest.com.br/wp-login.php HTTP/1.1" 400 51679 "-" "Mozilla/5.0 (Macintosh; Intel Mac OS X 10.15; rv:144.0) Gecko/20100101 Firefox/144.0"
177.250.28.218 - - [30/Jul/2026:09:41:01 -0300] "POST http://gullinvest.com.br/xmlrpc.php HTTP/1.1" 403 51679 "-" "Mozilla/5.0 (Macintosh; Intel Mac OS X 10_15_7) AppleWebKit/537.36 (KHTML, like Gecko) Chrome/136.0.0.0 Safari/537.36"
201.221.113.110 - - [30/Jul/2026:09:41:06 -0300] "POST http://gullinvest.com.br/wp-login.php HTTP/1.1" 400 51679 "-" "Mozilla/5.0 (Macintosh; Intel Mac OS X 10_15_7) AppleWebKit/537.36 (KHTML, like Gecko) Chrome/131.0.0.0 Safari/537.36"
201.223.96.53 - - [30/Jul/2026:09:41:36 -0300] "POST http://gullinvest.com.br/wp-login.php HTTP/1.1" 400 51679 "-" "Mozilla/5.0 (Macintosh; Intel Mac OS X 10_15_7) AppleWebKit/537.36 (KHTML, like Gecko) Chrome/136.0.0.0 Safari/537.36"
45.167.146.138 - - [30/Jul/2026:09:42:03 -0300] "POST http://gullinvest.com.br/wp-login.php HTTP/1.1" 400 51679 "-" "Mozilla/5.0 (Macintosh; Intel Mac OS X 10_15_7) AppleWebKit/537.36 (KHTML, like Gecko) Chrome/142.0.0.0 Safari/537.36"
177.160.142.28 - - [30/Jul/2026:09:42:34 -0300] "POST http://gullinvest.com.br/wp-login.php HTTP/1.1" 400 51679 "-" "Mozilla/5.0 (Macintosh; Intel Mac OS X 10_15_7) AppleWebKit/537.36 (KHTML, like Gecko) Chrome/120.0.0.0 Safari/537.36"
94.239.33.87 - - [30/Jul/2026:09:43:05 -0300] "POST http://gullinvest.com.br/wp-login.php HTTP/1.1" 400 51679 "-" "Mozilla/5.0 (Windows NT 10.0; Win64; x64) AppleWebKit/537.36 (KHTML, like Gecko) Chrome/101.0.4951.64 Safari/537.36 Edg/101.0.1210.47"
88.241.82.254 - - [30/Jul/2026:09:43:44 -0300] "POST http://gullinvest.com.br/wp-login.php HTTP/1.1" 400 51679 "-" "Mozilla/5.0 (Macintosh; Intel Mac OS X 10_15_7) AppleWebKit/537.36 (KHTML, like Gecko) Chrome/131.0.0.0 Safari/537.36"
179.6.35.152 - - [30/Jul/2026:09:44:13 -0300] "POST http://gullinvest.com.br/wp-login.php HTTP/1.1" 400 51679 "-" "Mozilla/5.0 (Macintosh; Intel Mac OS X 10_15_7) AppleWebKit/537.36 (KHTML, like Gecko) Chrome/136.0.0.0 Safari/537.36"
66.249.70.37 - - [30/Jul/2026:09:44:52 -0300] "GET /?category/0/1/005/005041/?SPC=0&SGC=0&STA=0&FPC=0&FGC=0&FTA=0&SFL_DF=0&CPPR=1 HTTP/1.1" 200 785847 "-" "Mozilla/5.0 (Linux; Android 6.0.1; Nexus 5X Build/MMB29P) AppleWebKit/537.36 (KHTML, like Gecko) Chrome/150.0.7871.186 Mobile Safari/537.36 (compatible; Googlebot/2.1; +http://www.google.com/bot.html)"
66.249.70.37 - - [30/Jul/2026:09:44:54 -0300] "GET /category/0/1/025/025005/?SPC=0&SGC=0&STA=0&FPC=0&FGC=0&FTA=0&SFL_DF=0&CPPR=1 HTTP/1.1" 200 829859 "-" "Mozilla/5.0 (compatible; Googlebot/2.1; +http://www.google.com/bot.html)"
66.249.70.39 - - [30/Jul/2026:09:51:03 -0300] "GET /?category/0/1/001/001004/?SPC=0&SGC=0&STA=0&FPC=0&FGC=0&FTA=0&SFL_DF=0&CPPR=1 HTTP/1.1" 200 793637 "-" "Mozilla/5.0 (Linux; Android 6.0.1; Nexus 5X Build/MMB29P) AppleWebKit/537.36 (KHTML, like Gecko) Chrome/150.0.7871.186 Mobile Safari/537.36 (compatible; Googlebot/2.1; +http://www.google.com/bot.html)"
66.249.70.37 - - [30/Jul/2026:09:51:50 -0300] "GET /category/0/1/022/022003/?SPC=0&SGC=0&STA=0&FPC=0&FGC=0&FTA=0&SFL_DF=0&CPPR=1 HTTP/1.1" 200 825658 "-" "Mozilla/5.0 (compatible; Googlebot/2.1; +http://www.google.com/bot.html)"
66.249.70.37 - - [30/Jul/2026:09:52:03 -0300] "GET /review/goods/G3052507208/ HTTP/1.1" 200 788731 "-" "Mozilla/5.0 (compatible; Googlebot/2.1; +http://www.google.com/bot.html)"
66.249.70.39 - - [30/Jul/2026:09:56:03 -0300] "GET /review/goods/G415547829/ HTTP/1.1" 200 808535 "-" "Mozilla/5.0 (compatible; Googlebot/2.1; +http://www.google.com/bot.html)"
34.182.154.91 - - [30/Jul/2026:09:56:34 -0300] "GET / HTTP/1.1" 200 51679 "-" "Mozilla/5.0 (compatible; CMS-Checker/1.0; +https://example.com)"
66.249.70.38 - - [30/Jul/2026:09:57:45 -0300] "GET /review/goods/G3990769051/ HTTP/1.1" 200 806694 "-" "Mozilla/5.0 (compatible; Googlebot/2.1; +http://www.google.com/bot.html)"
66.249.70.37 - - [30/Jul/2026:10:04:20 -0300] "GET /?category/0/1/020/020008/?SPC=0&SGC=0&STA=0&FPC=0&FGC=0&FTA=0&SFL_DF=0&CPPR=1 HTTP/1.1" 200 816891 "-" "Mozilla/5.0 (Linux; Android 6.0.1; Nexus 5X Build/MMB29P) AppleWebKit/537.36 (KHTML, like Gecko) Chrome/150.0.7871.186 Mobile Safari/537.36 (compatible; Googlebot/2.1; +http://www.google.com/bot.html)"
66.249.70.37 - - [30/Jul/2026:10:05:13 -0300] "GET /categoryshop/office/sitemap/KWf_CSfCookieExplain.jsp HTTP/1.1" 200 810105 "-" "Mozilla/5.0 (compatible; Googlebot/2.1; +http://www.google.com/bot.html)"
157.55.39.52 - - [30/Jul/2026:10:09:28 -0300] "GET /item/7970519971745 HTTP/1.1" 200 792757 "-" "Mozilla/5.0 AppleWebKit/537.36 (KHTML, like Gecko; compatible; bingbot/2.0; +http://www.bing.com/bingbot.htm) Chrome/116.0.1938.76 Safari/537.36"
66.249.70.39 - - [30/Jul/2026:10:11:10 -0300] "GET /casserole/s6c1a5l1a5r8i8s8599 HTTP/1.1" 200 809781 "-" "Mozilla/5.0 (Linux; Android 6.0.1; Nexus 5X Build/MMB29P) AppleWebKit/537.36 (KHTML, like Gecko) Chrome/150.0.7871.186 Mobile Safari/537.36 (compatible; GoogleOther)"
66.249.70.37 - - [30/Jul/2026:10:13:50 -0300] "GET /review/goods/G2518991570/ HTTP/1.1" 200 779706 "-" "Mozilla/5.0 (Linux; Android 6.0.1; Nexus 5X Build/MMB29P) AppleWebKit/537.36 (KHTML, like Gecko) Chrome/150.0.7871.186 Mobile Safari/537.36 (compatible; Googlebot/2.1; +http://www.google.com/bot.html)"
52.167.144.66 - - [30/Jul/2026:10:26:01 -0300] "GET /robots.txt HTTP/1.1" 200 82 "-" "Mozilla/5.0 AppleWebKit/537.36 (KHTML, like Gecko; compatible; bingbot/2.0; +http://www.bing.com/bingbot.htm) Chrome/116.0.1938.76 Safari/537.36"
40.77.167.243 - - [30/Jul/2026:10:26:02 -0300] "GET /item/46431999348739 HTTP/1.1" 200 803441 "-" "Mozilla/5.0 AppleWebKit/537.36 (KHTML, like Gecko; compatible; bingbot/2.0; +http://www.bing.com/bingbot.htm) Chrome/116.0.1938.76 Safari/537.36"
66.249.70.39 - - [30/Jul/2026:10:30:39 -0300] "GET /engineman/f5u1r4c8u7l1a37665 HTTP/1.1" 200 833798 "-" "Mozilla/5.0 (Linux; Android 6.0.1; Nexus 5X Build/MMB29P) AppleWebKit/537.36 (KHTML, like Gecko) Chrome/150.0.7871.186 Mobile Safari/537.36 (compatible; GoogleOther)"
66.249.70.38 - - [30/Jul/2026:10:31:15 -0300] "GET /review/goods/G173764010/ HTTP/1.1" 200 794733 "-" "Mozilla/5.0 (compatible; Googlebot/2.1; +http://www.google.com/bot.html)"
66.249.70.39 - - [30/Jul/2026:10:34:07 -0300] "GET /?l=s5a1n3d9e0m6a6n4i7a5n1ism HTTP/1.1" 200 808722 "-" "Mozilla/5.0 (Linux; Android 6.0.1; Nexus 5X Build/MMB29P) AppleWebKit/537.36 (KHTML, like Gecko) Chrome/150.0.7871.186 Mobile Safari/537.36 (compatible; GoogleOther)"
66.249.70.37 - - [30/Jul/2026:10:35:51 -0300] "GET /?l=c4a1m0p9o7n1g00597 HTTP/1.1" 200 830423 "-" "Mozilla/5.0 (Linux; Android 6.0.1; Nexus 5X Build/MMB29P) AppleWebKit/537.36 (KHTML, like Gecko) Chrome/150.0.7871.186 Mobile Safari/537.36 (compatible; GoogleOther)"
66.249.70.38 - - [30/Jul/2026:10:39:36 -0300] "GET /review/goods/G2603708005/ HTTP/1.1" 200 830326 "-" "Mozilla/5.0 (Linux; Android 6.0.1; Nexus 5X Build/MMB29P) AppleWebKit/537.36 (KHTML, like Gecko) Chrome/150.0.7871.186 Mobile Safari/537.36 (compatible; Googlebot/2.1; +http://www.google.com/bot.html)"
8.234.241.83 - - [30/Jul/2026:10:39:46 -0300] "GET /media/system/js/core.js HTTP/1.1" 200 51679 "-" "Mozilla/5.0 (Macintosh; Intel Mac OS X 10_10_1) AppleWebKit/537.36 (KHTML, like Gecko) Chrome/39.0.2171.95 Safari/537.36"
8.234.241.83 - - [30/Jul/2026:10:39:47 -0300] "GET /wp-includes/js/jquery/jquery.js HTTP/1.1" 200 285334 "-" "Mozilla/5.0 (Macintosh; Intel Mac OS X 10_10_1) AppleWebKit/537.36 (KHTML, like Gecko) Chrome/39.0.2171.95 Safari/537.36"
66.249.70.39 - - [30/Jul/2026:10:41:03 -0300] "GET /?l=e2s2t9r8a2n6g0e0d2 HTTP/1.1" 200 801156 "-" "Mozilla/5.0 (Linux; Android 6.0.1; Nexus 5X Build/MMB29P) AppleWebKit/537.36 (KHTML, like Gecko) Chrome/150.0.7871.186 Mobile Safari/537.36 (compatible; GoogleOther)"
66.249.70.37 - - [30/Jul/2026:10:44:07 -0300] "GET /?l=p2a2r5a1k3i5t1e2716 HTTP/1.1" 200 826334 "-" "Mozilla/5.0 (Linux; Android 6.0.1; Nexus 5X Build/MMB29P) AppleWebKit/537.36 (KHTML, like Gecko) Chrome/150.0.7871.186 Mobile Safari/537.36 (compatible; GoogleOther)"
66.249.70.37 - - [30/Jul/2026:10:44:34 -0300] "GET /?l=v5i4r2g2u0l8e34117 HTTP/1.1" 200 807126 "-" "Mozilla/5.0 (Linux; Android 6.0.1; Nexus 5X Build/MMB29P) AppleWebKit/537.36 (KHTML, like Gecko) Chrome/150.0.7871.186 Mobile Safari/537.36 (compatible; GoogleOther)"
20.203.221.142 - - [30/Jul/2026:10:44:38 -0300] "GET /wp-content/plugins/hellopress/wp_filemanager.php HTTP/1.1" 200 51679 "-" "-"
20.203.221.142 - - [30/Jul/2026:10:44:39 -0300] "GET /this_is_a_new_hello_world.php HTTP/1.1" 403 51679 "-" "-"
20.203.221.142 - - [30/Jul/2026:10:44:40 -0300] "GET /ioxi-o.php HTTP/1.1" 403 51679 "-" "-"
20.203.221.142 - - [30/Jul/2026:10:44:41 -0300] "GET /66.php HTTP/1.1" 403 51679 "-" "-"
20.203.221.142 - - [30/Jul/2026:10:44:41 -0300] "GET /ms-edit.php HTTP/1.1" 200 51679 "-" "-"
66.249.70.38 - - [30/Jul/2026:10:44:53 -0300] "GET /antenuptial/adhere/62882130910 HTTP/1.1" 200 804150 "-" "Mozilla/5.0 (Linux; Android 6.0.1; Nexus 5X Build/MMB29P) AppleWebKit/537.36 (KHTML, like Gecko) Chrome/150.0.7871.186 Mobile Safari/537.36 (compatible; Googlebot/2.1; +http://www.google.com/bot.html)"
66.249.70.37 - - [30/Jul/2026:10:44:57 -0300] "GET /?l=s4u3l2p7h9a8r8s3e1n5ic HTTP/1.1" 200 782107 "-" "Mozilla/5.0 (Linux; Android 6.0.1; Nexus 5X Build/MMB29P) AppleWebKit/537.36 (KHTML, like Gecko) Chrome/150.0.7871.186 Mobile Safari/537.36 (compatible; GoogleOther)"
66.249.70.37 - - [30/Jul/2026:10:45:23 -0300] "GET /?l=d2a1n3d1y3c8o1c8k697 HTTP/1.1" 200 810627 "-" "Mozilla/5.0 (Linux; Android 6.0.1; Nexus 5X Build/MMB29P) AppleWebKit/537.36 (KHTML, like Gecko) Chrome/150.0.7871.186 Mobile Safari/537.36 (compatible; GoogleOther)"
66.249.70.37 - - [30/Jul/2026:10:45:56 -0300] "GET /?l=d4e2t4h4r6o8n9i0n5g55 HTTP/1.1" 200 810024 "-" "Mozilla/5.0 (Linux; Android 6.0.1; Nexus 5X Build/MMB29P) AppleWebKit/537.36 (KHTML, like Gecko) Chrome/150.0.7871.186 Mobile Safari/537.36 (compatible; GoogleOther)"
66.249.70.37 - - [30/Jul/2026:10:46:16 -0300] "GET /?l=c2a6l7i0g9a0t2i4o3n4 HTTP/1.1" 200 831117 "-" "Mozilla/5.0 (Linux; Android 6.0.1; Nexus 5X Build/MMB29P) AppleWebKit/537.36 (KHTML, like Gecko) Chrome/150.0.7871.186 Mobile Safari/537.36 (compatible; GoogleOther)"
66.249.70.38 - - [30/Jul/2026:10:46:42 -0300] "GET /?l=e4m3b7a0r8k9i3n9g424 HTTP/1.1" 200 810717 "-" "Mozilla/5.0 (Linux; Android 6.0.1; Nexus 5X Build/MMB29P) AppleWebKit/537.36 (KHTML, like Gecko) Chrome/150.0.7871.186 Mobile Safari/537.36 (compatible; GoogleOther)"
66.249.70.38 - - [30/Jul/2026:10:47:33 -0300] "GET /?l=a4n3t2h4y7p9n7o5t0i1c4 HTTP/1.1" 200 806098 "-" "Mozilla/5.0 (Linux; Android 6.0.1; Nexus 5X Build/MMB29P) AppleWebKit/537.36 (KHTML, like Gecko) Chrome/150.0.7871.186 Mobile Safari/537.36 (compatible; GoogleOther)"
66.249.70.39 - - [30/Jul/2026:10:48:07 -0300] "GET /?l=r2e3j8e5c3t1m3e2n9t52 HTTP/1.1" 200 845152 "-" "Mozilla/5.0 (Linux; Android 6.0.1; Nexus 5X Build/MMB29P) AppleWebKit/537.36 (KHTML, like Gecko) Chrome/150.0.7871.186 Mobile Safari/537.36 (compatible; GoogleOther)"
66.249.70.37 - - [30/Jul/2026:10:48:25 -0300] "GET /?l=b7i9r6t2h7m4a0r6k56 HTTP/1.1" 200 809039 "-" "Mozilla/5.0 (Linux; Android 6.0.1; Nexus 5X Build/MMB29P) AppleWebKit/537.36 (KHTML, like Gecko) Chrome/150.0.7871.186 Mobile Safari/537.36 (compatible; GoogleOther)"
66.249.70.38 - - [30/Jul/2026:10:48:36 -0300] "GET /?category/0/1/001/001010/?SPC=0&SGC=0&STA=0&FPC=0&FGC=0&FTA=0&SFL_DF=0&CPPR=1 HTTP/1.1" 200 833635 "-" "Mozilla/5.0 (compatible; Googlebot/2.1; +http://www.google.com/bot.html)"
52.167.144.179 - - [30/Jul/2026:10:48:36 -0300] "GET /item/28268699315188 HTTP/1.1" 200 812658 "-" "Mozilla/5.0 AppleWebKit/537.36 (KHTML, like Gecko; compatible; bingbot/2.0; +http://www.bing.com/bingbot.htm) Chrome/116.0.1938.76 Safari/537.36"
66.249.70.39 - - [30/Jul/2026:10:55:07 -0300] "GET /?l=g2a6s7t8e3r5o1p3o1d4a HTTP/1.1" 200 819882 "-" "Mozilla/5.0 (Linux; Android 6.0.1; Nexus 5X Build/MMB29P) AppleWebKit/537.36 (KHTML, like Gecko) Chrome/150.0.7871.186 Mobile Safari/537.36 (compatible; GoogleOther)"
66.249.70.37 - - [30/Jul/2026:10:55:48 -0300] "GET /?l=h0e2l9p1e7r089346 HTTP/1.1" 200 815825 "-" "Mozilla/5.0 (Linux; Android 6.0.1; Nexus 5X Build/MMB29P) AppleWebKit/537.36 (KHTML, like Gecko) Chrome/150.0.7871.186 Mobile Safari/537.36 (compatible; GoogleOther)"
66.249.70.38 - - [30/Jul/2026:10:56:19 -0300] "GET /?l=d7e2p4o8s6i6t69382 HTTP/1.1" 200 815092 "-" "Mozilla/5.0 (Linux; Android 6.0.1; Nexus 5X Build/MMB29P) AppleWebKit/537.36 (KHTML, like Gecko) Chrome/150.0.7871.186 Mobile Safari/537.36 (compatible; GoogleOther)"
91.92.241.196 - - [30/Jul/2026:10:57:01 -0300] "GET / HTTP/1.1" 200 51679 "-" "Mozilla/5.0"
66.249.70.38 - - [30/Jul/2026:10:57:07 -0300] "GET /?l=d2e3l6l6a4106849 HTTP/1.1" 200 787425 "-" "Mozilla/5.0 (Linux; Android 6.0.1; Nexus 5X Build/MMB29P) AppleWebKit/537.36 (KHTML, like Gecko) Chrome/150.0.7871.186 Mobile Safari/537.36 (compatible; GoogleOther)"
134.199.213.204 - - [30/Jul/2026:10:57:24 -0300] "GET / HTTP/1.1" 200 51679 "-" "Mozilla/5.0 (X11; Linux x86_64) AppleWebKit/537.36 (KHTML, like Gecko) Chrome/142.0.0.0 Safari/537.36"
134.199.213.204 - - [30/Jul/2026:10:57:25 -0300] "GET /favicon.ico HTTP/1.1" 200 51679 "http://gullinvest.com.br/" "Mozilla/5.0 (X11; Linux x86_64) AppleWebKit/537.36 (KHTML, like Gecko) Chrome/142.0.0.0 Safari/537.36"
66.249.70.37 - - [30/Jul/2026:10:57:59 -0300] "GET /?l=c4r3o1c1a0t6a3r3i8a78 HTTP/1.1" 200 792395 "-" "Mozilla/5.0 (Linux; Android 6.0.1; Nexus 5X Build/MMB29P) AppleWebKit/537.36 (KHTML, like Gecko) Chrome/150.0.7871.186 Mobile Safari/537.36 (compatible; GoogleOther)"
66.249.70.37 - - [30/Jul/2026:10:58:18 -0300] "GET /category/0/1/004/004009/?SPC=0&SGC=0&STA=0&FPC=0&FGC=0&FTA=0&SFL_DF=0&CPPR=1 HTTP/1.1" 200 808121 "-" "Mozilla/5.0 (Linux; Android 6.0.1; Nexus 5X Build/MMB29P) AppleWebKit/537.36 (KHTML, like Gecko) Chrome/150.0.7871.186 Mobile Safari/537.36 (compatible; Googlebot/2.1; +http://www.google.com/bot.html)"
66.249.70.38 - - [30/Jul/2026:10:58:58 -0300] "GET /?l=i2n3c2o1n4t7r3o4v0e1r5tible HTTP/1.1" 200 814705 "-" "Mozilla/5.0 (Linux; Android 6.0.1; Nexus 5X Build/MMB29P) AppleWebKit/537.36 (KHTML, like Gecko) Chrome/150.0.7871.186 Mobile Safari/537.36 (compatible; GoogleOther)"
66.249.70.37 - - [30/Jul/2026:10:59:16 -0300] "GET /?l=m0u1t0a2b6i5l8i7t5y58 HTTP/1.1" 200 855127 "-" "Mozilla/5.0 (Linux; Android 6.0.1; Nexus 5X Build/MMB29P) AppleWebKit/537.36 (KHTML, like Gecko) Chrome/150.0.7871.186 Mobile Safari/537.36 (compatible; GoogleOther)"
66.249.70.37 - - [30/Jul/2026:10:59:42 -0300] "GET /?l=h4e1x4a5h7e6d5r5a9l49 HTTP/1.1" 200 767748 "-" "Mozilla/5.0 (Linux; Android 6.0.1; Nexus 5X Build/MMB29P) AppleWebKit/537.36 (KHTML, like Gecko) Chrome/150.0.7871.186 Mobile Safari/537.36 (compatible; GoogleOther)"
66.249.70.38 - - [30/Jul/2026:11:00:25 -0300] "GET /?l=m1a1n1g5r0o4v1e2203 HTTP/1.1" 200 793559 "-" "Mozilla/5.0 (Linux; Android 6.0.1; Nexus 5X Build/MMB29P) AppleWebKit/537.36 (KHTML, like Gecko) Chrome/150.0.7871.186 Mobile Safari/537.36 (compatible; GoogleOther)"
66.249.70.38 - - [30/Jul/2026:11:00:35 -0300] "GET /?l=d4y6t0i9s3c7u9s614 HTTP/1.1" 200 803722 "-" "Mozilla/5.0 (Linux; Android 6.0.1; Nexus 5X Build/MMB29P) AppleWebKit/537.36 (KHTML, like Gecko) Chrome/150.0.7871.186 Mobile Safari/537.36 (compatible; GoogleOther)"
66.249.70.39 - - [30/Jul/2026:11:01:01 -0300] "GET /?l=c4o1d1l2i9v0e7r2774 HTTP/1.1" 200 824490 "-" "Mozilla/5.0 (Linux; Android 6.0.1; Nexus 5X Build/MMB29P) AppleWebKit/537.36 (KHTML, like Gecko) Chrome/150.0.7871.186 Mobile Safari/537.36 (compatible; GoogleOther)"
66.249.70.37 - - [30/Jul/2026:11:01:31 -0300] "GET /?l=r4e3m7a4n0d4e5d5810 HTTP/1.1" 200 811626 "-" "Mozilla/5.0 (Linux; Android 6.0.1; Nexus 5X Build/MMB29P) AppleWebKit/537.36 (KHTML, like Gecko) Chrome/150.0.7871.186 Mobile Safari/537.36 (compatible; GoogleOther)"
66.249.70.38 - - [30/Jul/2026:11:01:52 -0300] "GET /?l=p0l4e2n2a5r7i3n1e7s1s9 HTTP/1.1" 200 810812 "-" "Mozilla/5.0 (Linux; Android 6.0.1; Nexus 5X Build/MMB29P) AppleWebKit/537.36 (KHTML, like Gecko) Chrome/150.0.7871.186 Mobile Safari/537.36 (compatible; GoogleOther)"
66.249.70.38 - - [30/Jul/2026:11:02:18 -0300] "GET /?l=p7r3i4n6c9i3p5i1a890 HTTP/1.1" 200 833504 "-" "Mozilla/5.0 (Linux; Android 6.0.1; Nexus 5X Build/MMB29P) AppleWebKit/537.36 (KHTML, like Gecko) Chrome/150.0.7871.186 Mobile Safari/537.36 (compatible; GoogleOther)"
66.249.70.37 - - [30/Jul/2026:11:02:48 -0300] "GET /?l=a4n1a8m8n1i6o5t8i8c37 HTTP/1.1" 200 806420 "-" "Mozilla/5.0 (Linux; Android 6.0.1; Nexus 5X Build/MMB29P) AppleWebKit/537.36 (KHTML, like Gecko) Chrome/150.0.7871.186 Mobile Safari/537.36 (compatible; GoogleOther)"
66.249.70.39 - - [30/Jul/2026:11:03:10 -0300] "GET /?l=t5r1i4q6u5e1t7r3a798 HTTP/1.1" 200 828250 "-" "Mozilla/5.0 (Linux; Android 6.0.1; Nexus 5X Build/MMB29P) AppleWebKit/537.36 (KHTML, like Gecko) Chrome/150.0.7871.186 Mobile Safari/537.36 (compatible; GoogleOther)"
147.93.171.186 - - [30/Jul/2026:11:03:19 -0300] "GET /wp-admin/css/ HTTP/1.1" 403 51679 "binance.com" "Mozilla/5.0 (Windows NT 10.0; Win64; x64) AppleWebKit/537.36 (KHTML, like Gecko) Chrome/90.0.4430.85 Safari/537.36"
66.249.70.39 - - [30/Jul/2026:11:04:03 -0300] "GET /?l=v2o5l3t0a2p4l0a6s1t9 HTTP/1.1" 200 808445 "-" "Mozilla/5.0 (Linux; Android 6.0.1; Nexus 5X Build/MMB29P) AppleWebKit/537.36 (KHTML, like Gecko) Chrome/150.0.7871.186 Mobile Safari/537.36 (compatible; GoogleOther)"
66.249.70.37 - - [30/Jul/2026:11:04:28 -0300] "GET /?l=t2e4m7p4e3r6a0270 HTTP/1.1" 200 814604 "-" "Mozilla/5.0 (Linux; Android 6.0.1; Nexus 5X Build/MMB29P) AppleWebKit/537.36 (KHTML, like Gecko) Chrome/150.0.7871.186 Mobile Safari/537.36 (compatible; GoogleOther)"
66.249.70.37 - - [30/Jul/2026:11:04:57 -0300] "GET /?l=c0i1c9i4s8b7e2i0489 HTTP/1.1" 200 792884 "-" "Mozilla/5.0 (Linux; Android 6.0.1; Nexus 5X Build/MMB29P) AppleWebKit/537.36 (KHTML, like Gecko) Chrome/150.0.7871.186 Mobile Safari/537.36 (compatible; GoogleOther)"
66.249.70.39 - - [30/Jul/2026:11:05:20 -0300] "GET /?l=p2r3e4n8t8i3c6e6h0o1od HTTP/1.1" 200 828796 "-" "Mozilla/5.0 (Linux; Android 6.0.1; Nexus 5X Build/MMB29P) AppleWebKit/537.36 (KHTML, like Gecko) Chrome/150.0.7871.186 Mobile Safari/537.36 (compatible; GoogleOther)"
66.249.70.37 - - [30/Jul/2026:11:05:46 -0300] "GET /?l=c4a2n9a6s2t8a79228 HTTP/1.1" 200 834082 "-" "Mozilla/5.0 (Linux; Android 6.0.1; Nexus 5X Build/MMB29P) AppleWebKit/537.36 (KHTML, like Gecko) Chrome/150.0.7871.186 Mobile Safari/537.36 (compatible; GoogleOther)"
66.249.70.38 - - [30/Jul/2026:11:06:12 -0300] "GET /?l=j5e1f9f0e9r2s5o9n4i4a1 HTTP/1.1" 200 788882 "-" "Mozilla/5.0 (Linux; Android 6.0.1; Nexus 5X Build/MMB29P) AppleWebKit/537.36 (KHTML, like Gecko) Chrome/150.0.7871.186 Mobile Safari/537.36 (compatible; GoogleOther)"
66.249.70.37 - - [30/Jul/2026:11:06:38 -0300] "GET /?l=w0i1d2o3w3h5o7o9d887 HTTP/1.1" 200 812556 "-" "Mozilla/5.0 (Linux; Android 6.0.1; Nexus 5X Build/MMB29P) AppleWebKit/537.36 (KHTML, like Gecko) Chrome/150.0.7871.186 Mobile Safari/537.36 (compatible; GoogleOther)"
66.249.70.37 - - [30/Jul/2026:11:07:06 -0300] "GET /?l=c2o1n6g0l9u3t2i8n0a4n5t HTTP/1.1" 200 812993 "-" "Mozilla/5.0 (Linux; Android 6.0.1; Nexus 5X Build/MMB29P) AppleWebKit/537.36 (KHTML, like Gecko) Chrome/150.0.7871.186 Mobile Safari/537.36 (compatible; GoogleOther)"
66.249.70.37 - - [30/Jul/2026:11:07:30 -0300] "GET /?l=f2l3a0m0e1p1r2o2o4f59 HTTP/1.1" 200 797072 "-" "Mozilla/5.0 (Linux; Android 6.0.1; Nexus 5X Build/MMB29P) AppleWebKit/537.36 (KHTML, like Gecko) Chrome/150.0.7871.186 Mobile Safari/537.36 (compatible; GoogleOther)"
66.249.70.38 - - [30/Jul/2026:11:07:56 -0300] "GET /?l=u2b3o0r2d5i9n5a9t4e89 HTTP/1.1" 200 814511 "-" "Mozilla/5.0 (Linux; Android 6.0.1; Nexus 5X Build/MMB29P) AppleWebKit/537.36 (KHTML, like Gecko) Chrome/150.0.7871.186 Mobile Safari/537.36 (compatible; GoogleOther)"
66.249.70.38 - - [30/Jul/2026:11:08:22 -0300] "GET /?l=d0i2s3t5i6l2l6a2t6o8r1y HTTP/1.1" 200 801249 "-" "Mozilla/5.0 (Linux; Android 6.0.1; Nexus 5X Build/MMB29P) AppleWebKit/537.36 (KHTML, like Gecko) Chrome/150.0.7871.186 Mobile Safari/537.36 (compatible; GoogleOther)"
45.38.17.61 - - [30/Jul/2026:11:08:47 -0300] "GET / HTTP/1.1" 200 51679 "-" "Mozilla/5.0 (X11; Linux x86_64) Gecko/20100101 Firefox/118.0.2"
66.249.70.38 - - [30/Jul/2026:11:08:49 -0300] "GET /?l=a5n3a5l4c8i1t9e363 HTTP/1.1" 200 794469 "-" "Mozilla/5.0 (Linux; Android 6.0.1; Nexus 5X Build/MMB29P) AppleWebKit/537.36 (KHTML, like Gecko) Chrome/150.0.7871.186 Mobile Safari/537.36 (compatible; GoogleOther)"
66.249.70.37 - - [30/Jul/2026:11:09:14 -0300] "GET /?l=e2c2t5o0p8a7r5a8s7i1t7e HTTP/1.1" 200 835368 "-" "Mozilla/5.0 (Linux; Android 6.0.1; Nexus 5X Build/MMB29P) AppleWebKit/537.36 (KHTML, like Gecko) Chrome/150.0.7871.186 Mobile Safari/537.36 (compatible; GoogleOther)"
66.249.70.37 - - [30/Jul/2026:11:09:40 -0300] "GET /?l=b5u3l3l7e5d492761 HTTP/1.1" 200 804229 "-" "Mozilla/5.0 (Linux; Android 6.0.1; Nexus 5X Build/MMB29P) AppleWebKit/537.36 (KHTML, like Gecko) Chrome/150.0.7871.186 Mobile Safari/537.36 (compatible; GoogleOther)"
66.249.70.38 - - [30/Jul/2026:11:10:12 -0300] "GET /?l=p3i3g2j2a6w0e9d5530 HTTP/1.1" 200 819657 "-" "Mozilla/5.0 (Linux; Android 6.0.1; Nexus 5X Build/MMB29P) AppleWebKit/537.36 (KHTML, like Gecko) Chrome/150.0.7871.186 Mobile Safari/537.36 (compatible; GoogleOther)"
66.249.70.37 - - [30/Jul/2026:11:10:32 -0300] "GET /?l=s2o1p2r1a7933850 HTTP/1.1" 200 789113 "-" "Mozilla/5.0 (Linux; Android 6.0.1; Nexus 5X Build/MMB29P) AppleWebKit/537.36 (KHTML, like Gecko) Chrome/150.0.7871.186 Mobile Safari/537.36 (compatible; GoogleOther)"
66.249.70.38 - - [30/Jul/2026:11:11:05 -0300] "GET /?l=v5e1n5e5r5a3b5i9l3i1t4y HTTP/1.1" 200 815852 "-" "Mozilla/5.0 (Linux; Android 6.0.1; Nexus 5X Build/MMB29P) AppleWebKit/537.36 (KHTML, like Gecko) Chrome/150.0.7871.186 Mobile Safari/537.36 (compatible; GoogleOther)"
66.249.70.37 - - [30/Jul/2026:11:11:06 -0300] "GET /category/0/1/027/027011/?SPC=0&SGC=0&STA=0&FPC=0&FGC=0&FTA=0&SFL_DF=0&CPPR=1 HTTP/1.1" 200 795590 "-" "Mozilla/5.0 (Linux; Android 6.0.1; Nexus 5X Build/MMB29P) AppleWebKit/537.36 (KHTML, like Gecko) Chrome/150.0.7871.186 Mobile Safari/537.36 (compatible; Googlebot/2.1; +http://www.google.com/bot.html)"
66.249.70.38 - - [30/Jul/2026:11:11:24 -0300] "GET /?l=s5p3i6c3a2t2e81229 HTTP/1.1" 200 801774 "-" "Mozilla/5.0 (Linux; Android 6.0.1; Nexus 5X Build/MMB29P) AppleWebKit/537.36 (KHTML, like Gecko) Chrome/150.0.7871.186 Mobile Safari/537.36 (compatible; GoogleOther)"
66.249.70.38 - - [30/Jul/2026:11:11:50 -0300] "GET /?l=c4a4r0u8i67575 HTTP/1.1" 200 812492 "-" "Mozilla/5.0 (Linux; Android 6.0.1; Nexus 5X Build/MMB29P) AppleWebKit/537.36 (KHTML, like Gecko) Chrome/150.0.7871.186 Mobile Safari/537.36 (compatible; GoogleOther)"
8.234.241.83 - - [30/Jul/2026:11:12:17 -0300] "GET / HTTP/1.1" 200 51679 "-" "Mozilla/5.0 (Windows NT 10.0; Win64; x64) AppleWebKit/537.36 (KHTML, like Gecko) Chrome/78.0.3904.108 Safari/537.36"
8.234.241.83 - - [30/Jul/2026:11:12:18 -0300] "GET / HTTP/1.1" 200 51679 "-" "Mozilla/5.0 (Windows NT 10.0; Win64; x64) AppleWebKit/537.36 (KHTML, like Gecko) Chrome/78.0.3904.108 Safari/537.36"
8.234.241.83 - - [30/Jul/2026:11:12:18 -0300] "GET /wp-includes/wlwmanifest.xml HTTP/1.1" 200 51679 "-" "Mozilla/5.0 (Windows NT 10.0; Win64; x64) AppleWebKit/537.36 (KHTML, like Gecko) Chrome/78.0.3904.108 Safari/537.36"
8.234.241.83 - - [30/Jul/2026:11:12:19 -0300] "GET /xmlrpc.php?rsd HTTP/1.1" 403 51679 "-" "Mozilla/5.0 (Windows NT 10.0; Win64; x64) AppleWebKit/537.36 (KHTML, like Gecko) Chrome/78.0.3904.108 Safari/537.36"
8.234.241.83 - - [30/Jul/2026:11:12:20 -0300] "GET / HTTP/1.1" 200 51679 "-" "Mozilla/5.0 (Windows NT 10.0; Win64; x64) AppleWebKit/537.36 (KHTML, like Gecko) Chrome/78.0.3904.108 Safari/537.36"
8.234.241.83 - - [30/Jul/2026:11:12:21 -0300] "GET /blog/wp-includes/wlwmanifest.xml HTTP/1.1" 200 51679 "-" "Mozilla/5.0 (Windows NT 10.0; Win64; x64) AppleWebKit/537.36 (KHTML, like Gecko) Chrome/78.0.3904.108 Safari/537.36"
8.234.241.83 - - [30/Jul/2026:11:12:21 -0300] "GET /web/wp-includes/wlwmanifest.xml HTTP/1.1" 200 51679 "-" "Mozilla/5.0 (Windows NT 10.0; Win64; x64) AppleWebKit/537.36 (KHTML, like Gecko) Chrome/78.0.3904.108 Safari/537.36"
8.234.241.83 - - [30/Jul/2026:11:12:22 -0300] "GET /wordpress/wp-includes/wlwmanifest.xml HTTP/1.1" 200 51679 "-" "Mozilla/5.0 (Windows NT 10.0; Win64; x64) AppleWebKit/537.36 (KHTML, like Gecko) Chrome/78.0.3904.108 Safari/537.36"
8.234.241.83 - - [30/Jul/2026:11:12:23 -0300] "GET /website/wp-includes/wlwmanifest.xml HTTP/1.1" 200 51679 "-" "Mozilla/5.0 (Windows NT 10.0; Win64; x64) AppleWebKit/537.36 (KHTML, like Gecko) Chrome/78.0.3904.108 Safari/537.36"
8.234.241.83 - - [30/Jul/2026:11:12:23 -0300] "GET /wp/wp-includes/wlwmanifest.xml HTTP/1.1" 200 51679 "-" "Mozilla/5.0 (Windows NT 10.0; Win64; x64) AppleWebKit/537.36 (KHTML, like Gecko) Chrome/78.0.3904.108 Safari/537.36"
8.234.241.83 - - [30/Jul/2026:11:12:24 -0300] "GET /news/wp-includes/wlwmanifest.xml HTTP/1.1" 200 51679 "-" "Mozilla/5.0 (Windows NT 10.0; Win64; x64) AppleWebKit/537.36 (KHTML, like Gecko) Chrome/78.0.3904.108 Safari/537.36"
8.234.241.83 - - [30/Jul/2026:11:12:25 -0300] "GET /2018/wp-includes/wlwmanifest.xml HTTP/1.1" 200 51679 "-" "Mozilla/5.0 (Windows NT 10.0; Win64; x64) AppleWebKit/537.36 (KHTML, like Gecko) Chrome/78.0.3904.108 Safari/537.36"
8.234.241.83 - - [30/Jul/2026:11:12:26 -0300] "GET /2019/wp-includes/wlwmanifest.xml HTTP/1.1" 200 51679 "-" "Mozilla/5.0 (Windows NT 10.0; Win64; x64) AppleWebKit/537.36 (KHTML, like Gecko) Chrome/78.0.3904.108 Safari/537.36"
8.234.241.83 - - [30/Jul/2026:11:12:26 -0300] "GET /shop/wp-includes/wlwmanifest.xml HTTP/1.1" 200 51679 "-" "Mozilla/5.0 (Windows NT 10.0; Win64; x64) AppleWebKit/537.36 (KHTML, like Gecko) Chrome/78.0.3904.108 Safari/537.36"
8.234.241.83 - - [30/Jul/2026:11:12:27 -0300] "GET /wp1/wp-includes/wlwmanifest.xml HTTP/1.1" 200 51679 "-" "Mozilla/5.0 (Windows NT 10.0; Win64; x64) AppleWebKit/537.36 (KHTML, like Gecko) Chrome/78.0.3904.108 Safari/537.36"
66.249.70.39 - - [30/Jul/2026:11:12:17 -0300] "GET /?l=e5m5i3n8e1n7t6786 HTTP/1.1" 200 803492 "-" "Mozilla/5.0 (Linux; Android 6.0.1; Nexus 5X Build/MMB29P) AppleWebKit/537.36 (KHTML, like Gecko) Chrome/150.0.7871.186 Mobile Safari/537.36 (compatible; GoogleOther)"
8.234.241.83 - - [30/Jul/2026:11:12:28 -0300] "GET /test/wp-includes/wlwmanifest.xml HTTP/1.1" 200 51679 "-" "Mozilla/5.0 (Windows NT 10.0; Win64; x64) AppleWebKit/537.36 (KHTML, like Gecko) Chrome/78.0.3904.108 Safari/537.36"
8.234.241.83 - - [30/Jul/2026:11:12:29 -0300] "GET /media/wp-includes/wlwmanifest.xml HTTP/1.1" 200 51679 "-" "Mozilla/5.0 (Windows NT 10.0; Win64; x64) AppleWebKit/537.36 (KHTML, like Gecko) Chrome/78.0.3904.108 Safari/537.36"
8.234.241.83 - - [30/Jul/2026:11:12:29 -0300] "GET /wp2/wp-includes/wlwmanifest.xml HTTP/1.1" 200 51679 "-" "Mozilla/5.0 (Windows NT 10.0; Win64; x64) AppleWebKit/537.36 (KHTML, like Gecko) Chrome/78.0.3904.108 Safari/537.36"
8.234.241.83 - - [30/Jul/2026:11:12:30 -0300] "GET /site/wp-includes/wlwmanifest.xml HTTP/1.1" 200 51679 "-" "Mozilla/5.0 (Windows NT 10.0; Win64; x64) AppleWebKit/537.36 (KHTML, like Gecko) Chrome/78.0.3904.108 Safari/537.36"
8.234.241.83 - - [30/Jul/2026:11:12:31 -0300] "GET /cms/wp-includes/wlwmanifest.xml HTTP/1.1" 200 51679 "-" "Mozilla/5.0 (Windows NT 10.0; Win64; x64) AppleWebKit/537.36 (KHTML, like Gecko) Chrome/78.0.3904.108 Safari/537.36"
8.234.241.83 - - [30/Jul/2026:11:12:31 -0300] "GET /sito/wp-includes/wlwmanifest.xml HTTP/1.1" 200 51679 "-" "Mozilla/5.0 (Windows NT 10.0; Win64; x64) AppleWebKit/537.36 (KHTML, like Gecko) Chrome/78.0.3904.108 Safari/537.36"
66.249.70.37 - - [30/Jul/2026:11:12:42 -0300] "GET /?l=a4f5t5e8r4w1i3t6t8e9d HTTP/1.1" 200 791823 "-" "Mozilla/5.0 (Linux; Android 6.0.1; Nexus 5X Build/MMB29P) AppleWebKit/537.36 (KHTML, like Gecko) Chrome/150.0.7871.186 Mobile Safari/537.36 (compatible; GoogleOther)"
66.249.70.39 - - [30/Jul/2026:11:13:08 -0300] "GET /?l=b3e2z1e1l6139986 HTTP/1.1" 200 797049 "-" "Mozilla/5.0 (Linux; Android 6.0.1; Nexus 5X Build/MMB29P) AppleWebKit/537.36 (KHTML, like Gecko) Chrome/150.0.7871.186 Mobile Safari/537.36 (compatible; GoogleOther)"
66.249.70.37 - - [30/Jul/2026:11:13:36 -0300] "GET /?l=v0e3s0p2i2a6r0y1996 HTTP/1.1" 200 836249 "-" "Mozilla/5.0 (Linux; Android 6.0.1; Nexus 5X Build/MMB29P) AppleWebKit/537.36 (KHTML, like Gecko) Chrome/150.0.7871.186 Mobile Safari/537.36 (compatible; GoogleOther)"
66.249.70.39 - - [30/Jul/2026:11:14:02 -0300] "GET /?l=p5r4e0t3e1r1l3e8g8a1l4 HTTP/1.1" 200 819244 "-" "Mozilla/5.0 (Linux; Android 6.0.1; Nexus 5X Build/MMB29P) AppleWebKit/537.36 (KHTML, like Gecko) Chrome/150.0.7871.186 Mobile Safari/537.36 (compatible; GoogleOther)"
66.249.70.37 - - [30/Jul/2026:11:14:09 -0300] "GET /review/goods/G2867928633/ HTTP/1.1" 200 814575 "-" "Mozilla/5.0 (compatible; Googlebot/2.1; +http://www.google.com/bot.html)"
66.249.70.38 - - [30/Jul/2026:11:14:30 -0300] "GET /?l=d6e1m8u8l8s2i2o2n175 HTTP/1.1" 200 814469 "-" "Mozilla/5.0 (Linux; Android 6.0.1; Nexus 5X Build/MMB29P) AppleWebKit/537.36 (KHTML, like Gecko) Chrome/150.0.7871.186 Mobile Safari/537.36 (compatible; GoogleOther)"
66.249.70.37 - - [30/Jul/2026:11:14:52 -0300] "GET /?l=h7e4a6d8h0u9n6t1e2r7 HTTP/1.1" 200 815986 "-" "Mozilla/5.0 (Linux; Android 6.0.1; Nexus 5X Build/MMB29P) AppleWebKit/537.36 (KHTML, like Gecko) Chrome/150.0.7871.186 Mobile Safari/537.36 (compatible; GoogleOther)"
66.249.70.37 - - [30/Jul/2026:11:15:18 -0300] "GET /?l=d0e2t7r6i8b2a8l6i0s8a8tion HTTP/1.1" 200 797860 "-" "Mozilla/5.0 (Linux; Android 6.0.1; Nexus 5X Build/MMB29P) AppleWebKit/537.36 (KHTML, like Gecko) Chrome/150.0.7871.186 Mobile Safari/537.36 (compatible; GoogleOther)"
66.249.70.38 - - [30/Jul/2026:11:15:48 -0300] "GET /?l=a0n3g0i7o4s4p3o0r0o4us HTTP/1.1" 200 802925 "-" "Mozilla/5.0 (Linux; Android 6.0.1; Nexus 5X Build/MMB29P) AppleWebKit/537.36 (KHTML, like Gecko) Chrome/150.0.7871.186 Mobile Safari/537.36 (compatible; GoogleOther)"
66.249.70.38 - - [30/Jul/2026:11:16:10 -0300] "GET /?l=s4p3a1s8m0348759 HTTP/1.1" 200 798644 "-" "Mozilla/5.0 (Linux; Android 6.0.1; Nexus 5X Build/MMB29P) AppleWebKit/537.36 (KHTML, like Gecko) Chrome/150.0.7871.186 Mobile Safari/537.36 (compatible; GoogleOther)"
66.249.70.37 - - [30/Jul/2026:11:16:38 -0300] "GET /?l=a0r1c8t6o8g8e5a5l416 HTTP/1.1" 200 827481 "-" "Mozilla/5.0 (Linux; Android 6.0.1; Nexus 5X Build/MMB29P) AppleWebKit/537.36 (KHTML, like Gecko) Chrome/150.0.7871.186 Mobile Safari/537.36 (compatible; GoogleOther)"
66.249.70.38 - - [30/Jul/2026:11:17:30 -0300] "GET /?l=a2e3s0c9u5l6i1n0650 HTTP/1.1" 200 809585 "-" "Mozilla/5.0 (Linux; Android 6.0.1; Nexus 5X Build/MMB29P) AppleWebKit/537.36 (KHTML, like Gecko) Chrome/150.0.7871.186 Mobile Safari/537.36 (compatible; GoogleOther)"
66.249.70.37 - - [30/Jul/2026:11:17:54 -0300] "GET /?l=l0i2n2c4o9l9n5e9n2s6i1s HTTP/1.1" 200 804010 "-" "Mozilla/5.0 (Linux; Android 6.0.1; Nexus 5X Build/MMB29P) AppleWebKit/537.36 (KHTML, like Gecko) Chrome/150.0.7871.186 Mobile Safari/537.36 (compatible; GoogleOther)"
66.249.70.37 - - [30/Jul/2026:11:19:27 -0300] "GET /baying/manicdepressive/2371332155 HTTP/1.1" 200 815812 "-" "Mozilla/5.0 (compatible; Googlebot/2.1; +http://www.google.com/bot.html)"
66.249.70.38 - - [30/Jul/2026:11:21:38 -0300] "GET /shops/samare/d2i3l8u8c8i3d5i3t6y29 HTTP/1.1" 200 813334 "-" "Mozilla/5.0 (Linux; Android 6.0.1; Nexus 5X Build/MMB29P) AppleWebKit/537.36 (KHTML, like Gecko) Chrome/150.0.7871.186 Mobile Safari/537.36 (compatible; GoogleOther)"
66.249.70.38 - - [30/Jul/2026:11:26:36 -0300] "GET /service/wrapping-packaging HTTP/1.1" 200 838083 "-" "Mozilla/5.0 (compatible; Googlebot/2.1; +http://www.google.com/bot.html)"
66.249.70.37 - - [30/Jul/2026:11:37:48 -0300] "GET /?l=a4s6s1i7z4i1n2g997 HTTP/1.1" 200 780019 "-" "Mozilla/5.0 (Linux; Android 6.0.1; Nexus 5X Build/MMB29P) AppleWebKit/537.36 (KHTML, like Gecko) Chrome/150.0.7871.186 Mobile Safari/537.36 (compatible; GoogleOther)"
66.249.70.38 - - [30/Jul/2026:11:38:49 -0300] "GET /?l=i7n1j6u3r6i6a43937 HTTP/1.1" 200 785481 "-" "Mozilla/5.0 (Linux; Android 6.0.1; Nexus 5X Build/MMB29P) AppleWebKit/537.36 (KHTML, like Gecko) Chrome/150.0.7871.186 Mobile Safari/537.36 (compatible; GoogleOther)"
66.249.70.37 - - [30/Jul/2026:11:39:52 -0300] "GET /?l=e2t2h6i4o9p1s42859 HTTP/1.1" 200 801609 "-" "Mozilla/5.0 (Linux; Android 6.0.1; Nexus 5X Build/MMB29P) AppleWebKit/537.36 (KHTML, like Gecko) Chrome/150.0.7871.186 Mobile Safari/537.36 (compatible; GoogleOther)"
66.249.70.37 - - [30/Jul/2026:11:40:56 -0300] "GET /?l=m2a1n0g1o6s4t3e7e9n47 HTTP/1.1" 200 830523 "-" "Mozilla/5.0 (Linux; Android 6.0.1; Nexus 5X Build/MMB29P) AppleWebKit/537.36 (KHTML, like Gecko) Chrome/150.0.7871.186 Mobile Safari/537.36 (compatible; GoogleOther)"
66.249.70.37 - - [30/Jul/2026:11:41:59 -0300] "GET /?l=r4h1i7n9o4p0t2e8r2a12 HTTP/1.1" 200 800815 "-" "Mozilla/5.0 (Linux; Android 6.0.1; Nexus 5X Build/MMB29P) AppleWebKit/537.36 (KHTML, like Gecko) Chrome/150.0.7871.186 Mobile Safari/537.36 (compatible; GoogleOther)"
66.249.70.37 - - [30/Jul/2026:11:42:12 -0300] "GET /category/0/1/025/025003/?SPC=0&SGC=0&STA=0&FPC=0&FGC=0&FTA=0&SFL_DF=0&CPPR=1 HTTP/1.1" 200 806351 "-" "Mozilla/5.0 (Linux; Android 6.0.1; Nexus 5X Build/MMB29P) AppleWebKit/537.36 (KHTML, like Gecko) Chrome/150.0.7871.186 Mobile Safari/537.36 (compatible; Googlebot/2.1; +http://www.google.com/bot.html)"
66.249.70.37 - - [30/Jul/2026:11:43:03 -0300] "GET /?l=a2u3r0a8n2t0i4f3o9l6i6a HTTP/1.1" 200 815273 "-" "Mozilla/5.0 (Linux; Android 6.0.1; Nexus 5X Build/MMB29P) AppleWebKit/537.36 (KHTML, like Gecko) Chrome/150.0.7871.186 Mobile Safari/537.36 (compatible; GoogleOther)"
66.249.70.38 - - [30/Jul/2026:11:44:07 -0300] "GET /?l=c2a3n7i3n7g002716 HTTP/1.1" 200 791762 "-" "Mozilla/5.0 (Linux; Android 6.0.1; Nexus 5X Build/MMB29P) AppleWebKit/537.36 (KHTML, like Gecko) Chrome/150.0.7871.186 Mobile Safari/537.36 (compatible; GoogleOther)"
66.249.70.37 - - [30/Jul/2026:11:45:12 -0300] "GET /?l=z2e2a8l6o8t2i2s8m266 HTTP/1.1" 200 815114 "-" "Mozilla/5.0 (Linux; Android 6.0.1; Nexus 5X Build/MMB29P) AppleWebKit/537.36 (KHTML, like Gecko) Chrome/150.0.7871.186 Mobile Safari/537.36 (compatible; GoogleOther)"
74.248.16.8 - - [30/Jul/2026:11:45:14 -0300] "GET /wp-content/plugins/hellopress/wp_filemanager.php HTTP/1.1" 200 51679 "-" "-"
74.248.16.8 - - [30/Jul/2026:11:45:15 -0300] "GET /this_is_a_new_hello_world.php HTTP/1.1" 403 51679 "-" "-"
74.248.16.8 - - [30/Jul/2026:11:45:16 -0300] "GET /wawe.php HTTP/1.1" 403 51679 "-" "-"
74.248.16.8 - - [30/Jul/2026:11:45:17 -0300] "GET /alfa123.php HTTP/1.1" 403 51679 "-" "-"
74.248.16.8 - - [30/Jul/2026:11:45:18 -0300] "GET /kn.php HTTP/1.1" 403 51679 "-" "-"
74.248.16.8 - - [30/Jul/2026:11:45:18 -0300] "GET /class-wp.php HTTP/1.1" 403 51679 "-" "-"
74.248.16.8 - - [30/Jul/2026:11:45:19 -0300] "GET /shelp.php HTTP/1.1" 403 51679 "-" "-"
74.248.16.8 - - [30/Jul/2026:11:45:20 -0300] "GET /phpi.php HTTP/1.1" 403 51679 "-" "-"
74.248.16.8 - - [30/Jul/2026:11:45:21 -0300] "GET /birlingsless.php HTTP/1.1" 403 51679 "-" "-"
74.248.16.8 - - [30/Jul/2026:11:45:22 -0300] "GET /shell20211028.php HTTP/1.1" 403 51679 "-" "-"
74.248.16.8 - - [30/Jul/2026:11:45:22 -0300] "GET /x402.ph HTTP/1.1" 200 51679 "-" "-"
66.249.70.37 - - [30/Jul/2026:11:46:13 -0300] "GET /?l=u5r4i8n2a9t8i8o9n68 HTTP/1.1" 200 795868 "-" "Mozilla/5.0 (Linux; Android 6.0.1; Nexus 5X Build/MMB29P) AppleWebKit/537.36 (KHTML, like Gecko) Chrome/150.0.7871.186 Mobile Safari/537.36 (compatible; GoogleOther)"
93.158.90.70 - - [30/Jul/2026:11:46:23 -0300] "GET /robots.txt HTTP/1.1" 200 82 "-" "Mozilla/5.0 (Windows NT 10.0; Win64; x64) AppleWebKit/537.36 (KHTML, like Gecko) Chrome/120.0.0.0 Safari/537.36 Viewer/99.9.8853.8"
93.158.90.66 - - [30/Jul/2026:11:46:23 -0300] "GET /llms.txt HTTP/1.1" 200 51679 "-" "Mozilla/5.0 (Windows NT 10.0; Win64; x64) AppleWebKit/537.36 (KHTML, like Gecko) Chrome/120.0.0.0 Safari/537.36 Viewer/99.9.8853.8"
93.158.90.72 - - [30/Jul/2026:11:46:25 -0300] "GET / HTTP/1.1" 200 51679 "-" "Mozilla/5.0 (Windows NT 10.0; Win64; x64) AppleWebKit/537.36 (KHTML, like Gecko) Chrome/120.0.0.0 Safari/537.36 Viewer/99.9.8853.8"
66.249.70.39 - - [30/Jul/2026:11:48:19 -0300] "GET /?l=o5b1s9t7a5n1c1y7901 HTTP/1.1" 200 807533 "-" "Mozilla/5.0 (Linux; Android 6.0.1; Nexus 5X Build/MMB29P) AppleWebKit/537.36 (KHTML, like Gecko) Chrome/150.0.7871.186 Mobile Safari/537.36 (compatible; GoogleOther)"
66.249.70.38 - - [30/Jul/2026:11:49:23 -0300] "GET /?l=j4a4s1p7e3r9a6t2e1d88 HTTP/1.1" 200 814851 "-" "Mozilla/5.0 (Linux; Android 6.0.1; Nexus 5X Build/MMB29P) AppleWebKit/537.36 (KHTML, like Gecko) Chrome/150.0.7871.186 Mobile Safari/537.36 (compatible; GoogleOther)"
66.249.70.39 - - [30/Jul/2026:11:55:12 -0300] "GET /?category/0/1/004/004007/?SPC=0&SGC=0&STA=0&FPC=0&FGC=0&FTA=0&SFL_DF=0&CPPR=1 HTTP/1.1" 200 779797 "-" "Mozilla/5.0 (compatible; Googlebot/2.1; +http://www.google.com/bot.html)"
66.249.70.38 - - [30/Jul/2026:11:56:27 -0300] "GET /shops/drinkable/j2o3i4n2d3e6r47143 HTTP/1.1" 200 809268 "-" "Mozilla/5.0 (Linux; Android 6.0.1; Nexus 5X Build/MMB29P) AppleWebKit/537.36 (KHTML, like Gecko) Chrome/150.0.7871.186 Mobile Safari/537.36 (compatible; Googlebot/2.1; +http://www.google.com/bot.html)"
103.177.124.193 - - [30/Jul/2026:11:58:35 -0300] "GET / HTTP/1.1" 200 51679 "-" "Mozilla/5.0 (Windows NT 10.0; Win64; x64; rv:153.0) Gecko/20100101 Firefox/153.0"
213.32.253.232 - - [30/Jul/2026:12:02:15 -0300] "POST http://gullinvest.com.br/xmlrpc.php HTTP/1.1" 403 51679 "-" "Mozilla/5.0 (Macintosh; Intel Mac OS X 10_15_7) AppleWebKit/537.36 (KHTML, like Gecko) Chrome/131.0.0.0 Safari/537.36"
187.57.79.120 - - [30/Jul/2026:12:02:18 -0300] "POST http://gullinvest.com.br/wp-login.php HTTP/1.1" 400 51679 "-" "Mozilla/5.0 (Macintosh; Intel Mac OS X 10_15_7) AppleWebKit/537.36 (KHTML, like Gecko) Chrome/131.0.0.0 Safari/537.36"
168.196.175.201 - - [30/Jul/2026:12:02:53 -0300] "POST http://gullinvest.com.br/wp-login.php HTTP/1.1" 400 51679 "-" "Mozilla/5.0 (Macintosh; Intel Mac OS X 10_15_7) AppleWebKit/537.36 (KHTML, like Gecko) Chrome/142.0.0.0 Safari/537.36"
45.127.177.100 - - [30/Jul/2026:12:03:23 -0300] "POST http://gullinvest.com.br/wp-login.php HTTP/1.1" 400 51679 "-" "Mozilla/5.0 (Macintosh; Intel Mac OS X 10_15_7) AppleWebKit/537.36 (KHTML, like Gecko) Chrome/120.0.0.0 Safari/537.36"
66.249.70.37 - - [30/Jul/2026:12:04:21 -0300] "GET /?l=f8l2i2t0c4h9e1d3765 HTTP/1.1" 200 781962 "-" "Mozilla/5.0 (Linux; Android 6.0.1; Nexus 5X Build/MMB29P) AppleWebKit/537.36 (KHTML, like Gecko) Chrome/150.0.7871.186 Mobile Safari/537.36 (compatible; GoogleOther)"
37.215.12.90 - - [30/Jul/2026:12:03:53 -0300] "POST http://gullinvest.com.br/wp-login.php HTTP/1.1" 400 51679 "-" "Mozilla/5.0 (Windows NT 10.0; Win64; x64) AppleWebKit/537.36 (KHTML, like Gecko) Chrome/101.0.4951.64 Safari/537.36 Edg/101.0.1210.47"
187.45.61.75 - - [30/Jul/2026:12:04:23 -0300] "POST http://gullinvest.com.br/wp-login.php HTTP/1.1" 400 51679 "-" "Mozilla/5.0 (Macintosh; Intel Mac OS X 10_15_7) AppleWebKit/605.1.15 (KHTML, like Gecko) Version/18.0 Safari/605.1.15"
66.249.70.37 - - [30/Jul/2026:12:05:17 -0300] "GET /?l=i8m1m9o0b3i6l7i5s0a2t5ion HTTP/1.1" 200 797864 "-" "Mozilla/5.0 (Linux; Android 6.0.1; Nexus 5X Build/MMB29P) AppleWebKit/537.36 (KHTML, like Gecko) Chrome/150.0.7871.186 Mobile Safari/537.36 (compatible; GoogleOther)"
109.106.143.52 - - [30/Jul/2026:12:04:55 -0300] "POST http://gullinvest.com.br/wp-login.php HTTP/1.1" 400 51679 "-" "Mozilla/5.0 (Macintosh; Intel Mac OS X 10.15; rv:144.0) Gecko/20100101 Firefox/144.0"
200.90.217.17 - - [30/Jul/2026:12:05:23 -0300] "POST http://gullinvest.com.br/wp-login.php HTTP/1.1" 400 51679 "-" "Mozilla/5.0 (Macintosh; Intel Mac OS X 10_15_7) AppleWebKit/537.36 (KHTML, like Gecko) Chrome/131.0.0.0 Safari/537.36"
66.249.70.39 - - [30/Jul/2026:12:06:24 -0300] "GET /?l=s8m5i0t4h7c4r3a9f6t0 HTTP/1.1" 200 793542 "-" "Mozilla/5.0 (Linux; Android 6.0.1; Nexus 5X Build/MMB29P) AppleWebKit/537.36 (KHTML, like Gecko) Chrome/150.0.7871.186 Mobile Safari/537.36 (compatible; GoogleOther)"
66.249.70.39 - - [30/Jul/2026:12:07:23 -0300] "GET /?l=b8i1l9b8o8e4s84285 HTTP/1.1" 200 816060 "-" "Mozilla/5.0 (Linux; Android 6.0.1; Nexus 5X Build/MMB29P) AppleWebKit/537.36 (KHTML, like Gecko) Chrome/150.0.7871.186 Mobile Safari/537.36 (compatible; GoogleOther)"
66.249.70.38 - - [30/Jul/2026:12:08:29 -0300] "GET /?l=s8e3x3u0a3l0i6z5e013 HTTP/1.1" 200 801614 "-" "Mozilla/5.0 (Linux; Android 6.0.1; Nexus 5X Build/MMB29P) AppleWebKit/537.36 (KHTML, like Gecko) Chrome/150.0.7871.186 Mobile Safari/537.36 (compatible; GoogleOther)"
66.249.70.37 - - [30/Jul/2026:12:08:42 -0300] "GET /carassius/surbase/o4o4l0o6g3i6s6t1829 HTTP/1.1" 200 788583 "-" "Mozilla/5.0 (Linux; Android 6.0.1; Nexus 5X Build/MMB29P) AppleWebKit/537.36 (KHTML, like Gecko) Chrome/150.0.7871.186 Mobile Safari/537.36 (compatible; Googlebot/2.1; +http://www.google.com/bot.html)"
66.249.70.39 - - [30/Jul/2026:12:09:27 -0300] "GET /?l=i0m8p7e7c7c8a4b3l3e2 HTTP/1.1" 200 814658 "-" "Mozilla/5.0 (Linux; Android 6.0.1; Nexus 5X Build/MMB29P) AppleWebKit/537.36 (KHTML, like Gecko) Chrome/150.0.7871.186 Mobile Safari/537.36 (compatible; GoogleOther)"
66.249.70.39 - - [30/Jul/2026:12:10:30 -0300] "GET /?l=l5i8s2s5o3m7e7n6e9s9s HTTP/1.1" 200 811310 "-" "Mozilla/5.0 (Linux; Android 6.0.1; Nexus 5X Build/MMB29P) AppleWebKit/537.36 (KHTML, like Gecko) Chrome/150.0.7871.186 Mobile Safari/537.36 (compatible; GoogleOther)"
66.249.70.39 - - [30/Jul/2026:12:14:31 -0300] "GET /category/0/1/020/020002/?SPC=0&SGC=0&STA=0&FPC=0&FGC=0&FTA=0&SFL_DF=0&CPPR=1 HTTP/1.1" 200 788043 "-" "Mozilla/5.0 (Linux; Android 6.0.1; Nexus 5X Build/MMB29P) AppleWebKit/537.36 (KHTML, like Gecko) Chrome/150.0.7871.186 Mobile Safari/537.36 (compatible; Googlebot/2.1; +http://www.google.com/bot.html)"
66.249.70.38 - - [30/Jul/2026:12:19:57 -0300] "GET /?l=a3t3r3e0s8i5a31051 HTTP/1.1" 200 811673 "-" "Mozilla/5.0 (Linux; Android 6.0.1; Nexus 5X Build/MMB29P) AppleWebKit/537.36 (KHTML, like Gecko) Chrome/150.0.7871.186 Mobile Safari/537.36 (compatible; Googlebot/2.1; +http://www.google.com/bot.html)"
66.249.70.39 - - [30/Jul/2026:12:20:30 -0300] "GET /celebrious/tenacious/31318202393 HTTP/1.1" 200 789721 "-" "Mozilla/5.0 (compatible; Googlebot/2.1; +http://www.google.com/bot.html)"
66.249.70.37 - - [30/Jul/2026:12:21:39 -0300] "GET /categoryshop/office/sitemap/PageManager.jsp?FRM=1&ListRoot=categoryOr&CATEGORY_CD=012_012006,012_012001&SHOW_LIST=1 HTTP/1.1" 200 800959 "-" "Mozilla/5.0 (Linux; Android 6.0.1; Nexus 5X Build/MMB29P) AppleWebKit/537.36 (KHTML, like Gecko) Chrome/150.0.7871.186 Mobile Safari/537.36 (compatible; Googlebot/2.1; +http://www.google.com/bot.html)"
87.58.197.199 - - [30/Jul/2026:12:23:22 -0300] "POST /?rest_route=/batch/v1 HTTP/1.1" 200 51679 "http://gullinvest.com.br/" "Mozilla/5.0 (Windows NT 10.0; Win64; x64) AppleWebKit/537.36 (KHTML, like Gecko) Chrome/126.0.0.0 Safari/537.36"
87.58.197.199 - - [30/Jul/2026:12:23:23 -0300] "POST /?rest_route=/batch/v1 HTTP/1.1" 200 51679 "http://gullinvest.com.br/" "Mozilla/5.0 (Windows NT 10.0; Win64; x64) AppleWebKit/537.36 (KHTML, like Gecko) Chrome/126.0.0.0 Safari/537.36"
87.58.197.199 - - [30/Jul/2026:12:23:24 -0300] "POST /?rest_route=/batch/v1 HTTP/1.1" 200 51679 "http://gullinvest.com.br/" "Mozilla/5.0 (Windows NT 10.0; Win64; x64) AppleWebKit/537.36 (KHTML, like Gecko) Chrome/126.0.0.0 Safari/537.36"
87.58.197.199 - - [30/Jul/2026:12:23:25 -0300] "POST /wp-login.php HTTP/1.1" 200 51679 "http://gullinvest.com.br/" "Mozilla/5.0 (Windows NT 10.0; Win64; x64) AppleWebKit/537.36 (KHTML, like Gecko) Chrome/126.0.0.0 Safari/537.36"
87.58.197.199 - - [30/Jul/2026:12:23:27 -0300] "POST /wp-login.php HTTP/1.1" 200 51679 "http://gullinvest.com.br/" "Mozilla/5.0 (Windows NT 10.0; Win64; x64) AppleWebKit/537.36 (KHTML, like Gecko) Chrome/126.0.0.0 Safari/537.36"
87.58.197.199 - - [30/Jul/2026:12:23:27 -0300] "GET /?rest_route=/wp/v2/posts&per_page=1&_fields=link HTTP/1.1" 200 51679 "-" "python-requests/2.34.2"
66.249.70.39 - - [30/Jul/2026:12:26:21 -0300] "GET / HTTP/1.1" 200 786021 "-" "Mozilla/5.0 (Linux; Android 6.0.1; Nexus 5X Build/MMB29P) AppleWebKit/537.36 (KHTML, like Gecko) Chrome/150.0.7871.186 Mobile Safari/537.36 (compatible; Googlebot/2.1; +http://www.google.com/bot.html)"
105.186.85.62 - - [30/Jul/2026:12:31:58 -0300] "POST http://gullinvest.com.br/xmlrpc.php HTTP/1.1" 403 51679 "-" "Mozilla/5.0 (Macintosh; Intel Mac OS X 10_15_7) AppleWebKit/537.36 (KHTML, like Gecko) Chrome/131.0.0.0 Safari/537.36"
196.176.134.156 - - [30/Jul/2026:12:32:09 -0300] "POST http://gullinvest.com.br/xmlrpc.php HTTP/1.1" 403 51679 "-" "Mozilla/5.0 (Macintosh; Intel Mac OS X 10_15_7) AppleWebKit/537.36 (KHTML, like Gecko) Chrome/142.0.0.0 Safari/537.36"
91.107.118.142 - - [30/Jul/2026:12:32:15 -0300] "POST http://gullinvest.com.br/wp-login.php HTTP/1.1" 400 51679 "-" "Mozilla/5.0 (Macintosh; Intel Mac OS X 10_15_7) AppleWebKit/537.36 (KHTML, like Gecko) Chrome/131.0.0.0 Safari/537.36"
94.43.219.101 - - [30/Jul/2026:12:32:43 -0300] "POST http://gullinvest.com.br/wp-login.php HTTP/1.1" 400 51679 "-" "Mozilla/5.0 (Macintosh; Intel Mac OS X 10_15_7) AppleWebKit/537.36 (KHTML, like Gecko) Chrome/136.0.0.0 Safari/537.36"
130.12.182.219 - - [30/Jul/2026:12:33:36 -0300] "GET /?rest_route=/wp/v2/posts&per_page=1&_fields=link HTTP/1.1" 200 51679 "-" "python-requests/2.31.0"
191.80.228.220 - - [30/Jul/2026:12:33:13 -0300] "POST http://gullinvest.com.br/wp-login.php HTTP/1.1" 400 51679 "-" "Mozilla/5.0 (Macintosh; Intel Mac OS X 10_15_7) AppleWebKit/537.36 (KHTML, like Gecko) Chrome/142.0.0.0 Safari/537.36"
197.14.209.90 - - [30/Jul/2026:12:33:43 -0300] "POST http://gullinvest.com.br/wp-login.php HTTP/1.1" 400 51679 "-" "Mozilla/5.0 (Macintosh; Intel Mac OS X 10_15_7) AppleWebKit/537.36 (KHTML, like Gecko) Chrome/120.0.0.0 Safari/537.36"
191.81.231.178 - - [30/Jul/2026:12:34:13 -0300] "POST http://gullinvest.com.br/wp-login.php HTTP/1.1" 400 51679 "-" "Mozilla/5.0 (Windows NT 10.0; Win64; x64) AppleWebKit/537.36 (KHTML, like Gecko) Chrome/101.0.4951.64 Safari/537.36 Edg/101.0.1210.47"
66.249.70.39 - - [30/Jul/2026:12:34:48 -0300] "GET /?l=g2a5r9v8i0e16360 HTTP/1.1" 200 788505 "-" "Mozilla/5.0 (Linux; Android 6.0.1; Nexus 5X Build/MMB29P) AppleWebKit/537.36 (KHTML, like Gecko) Chrome/150.0.7871.186 Mobile Safari/537.36 (compatible; GoogleOther)"
123.17.154.22 - - [30/Jul/2026:12:34:46 -0300] "POST http://gullinvest.com.br/wp-login.php HTTP/1.1" 400 51679 "-" "Mozilla/5.0 (Macintosh; Intel Mac OS X 10_15_7) AppleWebKit/605.1.15 (KHTML, like Gecko) Version/18.0 Safari/605.1.15"
37.67.98.102 - - [30/Jul/2026:12:35:13 -0300] "POST http://gullinvest.com.br/wp-login.php HTTP/1.1" 400 51679 "-" "Mozilla/5.0 (Macintosh; Intel Mac OS X 10.15; rv:144.0) Gecko/20100101 Firefox/144.0"
66.249.70.37 - - [30/Jul/2026:12:35:51 -0300] "GET /?l=h2u3f1f4i1s8h4n7e9s4s1 HTTP/1.1" 200 782475 "-" "Mozilla/5.0 (Linux; Android 6.0.1; Nexus 5X Build/MMB29P) AppleWebKit/537.36 (KHTML, like Gecko) Chrome/150.0.7871.186 Mobile Safari/537.36 (compatible; GoogleOther)"
